{"id":68,"date":"2024-07-18T10:33:21","date_gmt":"2024-07-18T10:33:21","guid":{"rendered":"https:\/\/munabaeck.xn--eichbhl-r2a.com\/?page_id=68"},"modified":"2025-09-06T20:26:22","modified_gmt":"2025-09-06T18:26:22","slug":"semmeln","status":"publish","type":"page","link":"https:\/\/munabaeck.de\/index.php\/semmeln\/","title":{"rendered":"Semmeln &amp; Co"},"content":{"rendered":"\n<h1 class=\"wp-block-heading has-text-align-center\" id=\"brezen\">Brezen<\/h1>\n\n\n\n<div style=\"height:100px\" aria-hidden=\"true\" class=\"wp-block-spacer\"><\/div>\n\n\n<div class=\"wp-block-image is-style-rounded\">\n<figure class=\"aligncenter size-large\"><img loading=\"lazy\" decoding=\"async\" width=\"1024\" height=\"768\" src=\"https:\/\/munabaeck.de\/wp-content\/uploads\/2024\/12\/IMG_6186-1024x768.jpg\" alt=\"\" class=\"wp-image-157\" srcset=\"https:\/\/munabaeck.de\/wp-content\/uploads\/2024\/12\/IMG_6186-1024x768.jpg 1024w, https:\/\/munabaeck.de\/wp-content\/uploads\/2024\/12\/IMG_6186-300x225.jpg 300w, https:\/\/munabaeck.de\/wp-content\/uploads\/2024\/12\/IMG_6186-768x576.jpg 768w, https:\/\/munabaeck.de\/wp-content\/uploads\/2024\/12\/IMG_6186-1536x1152.jpg 1536w, https:\/\/munabaeck.de\/wp-content\/uploads\/2024\/12\/IMG_6186.jpg 1848w\" sizes=\"auto, (max-width: 1024px) 100vw, 1024px\" \/><\/figure><\/div>\n\n\n<p class=\"has-text-align-center\">Zutaten:<\/p>\n\n\n\n<p class=\"has-text-align-center\">Weizenmehl, Weizensauerteig <img loading=\"lazy\" decoding=\"async\" width=\"25\" height=\"23\" class=\"wp-image-26\" style=\"width: 25px;\" src=\"https:\/\/munabaeck.de\/wp-content\/uploads\/2024\/07\/100bio.png\" alt=\"\" srcset=\"https:\/\/munabaeck.de\/wp-content\/uploads\/2024\/07\/100bio.png 302w, https:\/\/munabaeck.de\/wp-content\/uploads\/2024\/07\/100bio-300x279.png 300w\" sizes=\"auto, (max-width: 25px) 100vw, 25px\" \/>, Butter,  Honig (eigene Imkerei) <img loading=\"lazy\" decoding=\"async\" width=\"25\" height=\"23\" class=\"wp-image-26\" style=\"width: 25px;\" src=\"https:\/\/munabaeck.de\/wp-content\/uploads\/2024\/07\/100bio.png\" alt=\"\" srcset=\"https:\/\/munabaeck.de\/wp-content\/uploads\/2024\/07\/100bio.png 302w, https:\/\/munabaeck.de\/wp-content\/uploads\/2024\/07\/100bio-300x279.png 300w\" sizes=\"auto, (max-width: 25px) 100vw, 25px\" \/>, Hefe, Malz, Zucker(Honig), Meersalz <img loading=\"lazy\" decoding=\"async\" width=\"25\" height=\"23\" class=\"wp-image-26\" style=\"width: 25px;\" src=\"https:\/\/munabaeck.de\/wp-content\/uploads\/2024\/07\/100bio.png\" alt=\"\" srcset=\"https:\/\/munabaeck.de\/wp-content\/uploads\/2024\/07\/100bio.png 302w, https:\/\/munabaeck.de\/wp-content\/uploads\/2024\/07\/100bio-300x279.png 300w\" sizes=\"auto, (max-width: 25px) 100vw, 25px\" \/>, Wasser<\/p>\n\n\n\n<div style=\"height:100px\" aria-hidden=\"true\" class=\"wp-block-spacer\"><\/div>\n\n\n\n<hr class=\"wp-block-separator has-alpha-channel-opacity\"\/>\n\n\n\n<div style=\"height:100px\" aria-hidden=\"true\" class=\"wp-block-spacer\"><\/div>\n\n\n\n<h1 class=\"wp-block-heading has-text-align-center\" id=\"brezenstangen\">Brezenstangen<\/h1>\n\n\n\n<div style=\"height:100px\" aria-hidden=\"true\" class=\"wp-block-spacer\"><\/div>\n\n\n<div class=\"wp-block-image is-style-rounded\">\n<figure class=\"aligncenter size-large\"><img loading=\"lazy\" decoding=\"async\" width=\"1024\" height=\"689\" src=\"https:\/\/munabaeck.de\/wp-content\/uploads\/2024\/12\/IMG_6654-1024x689.jpg\" alt=\"\" class=\"wp-image-160\" srcset=\"https:\/\/munabaeck.de\/wp-content\/uploads\/2024\/12\/IMG_6654-1024x689.jpg 1024w, https:\/\/munabaeck.de\/wp-content\/uploads\/2024\/12\/IMG_6654-300x202.jpg 300w, https:\/\/munabaeck.de\/wp-content\/uploads\/2024\/12\/IMG_6654-768x517.jpg 768w, https:\/\/munabaeck.de\/wp-content\/uploads\/2024\/12\/IMG_6654.jpg 1517w\" sizes=\"auto, (max-width: 1024px) 100vw, 1024px\" \/><\/figure><\/div>\n\n\n<p class=\"has-text-align-center\">Zutaten:<\/p>\n\n\n\n<p class=\"has-text-align-center\">Weizenmehl, Weizensauerteig <img loading=\"lazy\" decoding=\"async\" width=\"25\" height=\"23\" class=\"wp-image-26\" style=\"width: 25px;\" src=\"https:\/\/munabaeck.de\/wp-content\/uploads\/2024\/07\/100bio.png\" alt=\"\" srcset=\"https:\/\/munabaeck.de\/wp-content\/uploads\/2024\/07\/100bio.png 302w, https:\/\/munabaeck.de\/wp-content\/uploads\/2024\/07\/100bio-300x279.png 300w\" sizes=\"auto, (max-width: 25px) 100vw, 25px\" \/>, Butter,  Honig (eigene Imkerei) <img loading=\"lazy\" decoding=\"async\" width=\"25\" height=\"23\" class=\"wp-image-26\" style=\"width: 25px;\" src=\"https:\/\/munabaeck.de\/wp-content\/uploads\/2024\/07\/100bio.png\" alt=\"\" srcset=\"https:\/\/munabaeck.de\/wp-content\/uploads\/2024\/07\/100bio.png 302w, https:\/\/munabaeck.de\/wp-content\/uploads\/2024\/07\/100bio-300x279.png 300w\" sizes=\"auto, (max-width: 25px) 100vw, 25px\" \/>, Hefe, Malz, Zucker(Honig), Meersalz <img loading=\"lazy\" decoding=\"async\" width=\"25\" height=\"23\" class=\"wp-image-26\" style=\"width: 25px;\" src=\"https:\/\/munabaeck.de\/wp-content\/uploads\/2024\/07\/100bio.png\" alt=\"\" srcset=\"https:\/\/munabaeck.de\/wp-content\/uploads\/2024\/07\/100bio.png 302w, https:\/\/munabaeck.de\/wp-content\/uploads\/2024\/07\/100bio-300x279.png 300w\" sizes=\"auto, (max-width: 25px) 100vw, 25px\" \/>, Wasser<\/p>\n\n\n\n<div style=\"height:100px\" aria-hidden=\"true\" class=\"wp-block-spacer\"><\/div>\n\n\n\n<hr class=\"wp-block-separator has-alpha-channel-opacity\"\/>\n\n\n\n<div style=\"height:100px\" aria-hidden=\"true\" class=\"wp-block-spacer\"><\/div>\n\n\n\n<h1 class=\"wp-block-heading has-text-align-center\" id=\"kartoffel_kraeuter\">Kartoffel-Kr\u00e4uter-Semmeln<\/h1>\n\n\n\n<div style=\"height:100px\" aria-hidden=\"true\" class=\"wp-block-spacer\"><\/div>\n\n\n\n<figure class=\"wp-block-image size-large is-style-rounded\"><img loading=\"lazy\" decoding=\"async\" width=\"1024\" height=\"754\" src=\"https:\/\/munabaeck.de\/wp-content\/uploads\/2025\/08\/IMG_9601-1024x754.jpg\" alt=\"\" class=\"wp-image-224\" srcset=\"https:\/\/munabaeck.de\/wp-content\/uploads\/2025\/08\/IMG_9601-1024x754.jpg 1024w, https:\/\/munabaeck.de\/wp-content\/uploads\/2025\/08\/IMG_9601-300x221.jpg 300w, https:\/\/munabaeck.de\/wp-content\/uploads\/2025\/08\/IMG_9601-768x566.jpg 768w, https:\/\/munabaeck.de\/wp-content\/uploads\/2025\/08\/IMG_9601-1536x1132.jpg 1536w, https:\/\/munabaeck.de\/wp-content\/uploads\/2025\/08\/IMG_9601.jpg 1876w\" sizes=\"auto, (max-width: 1024px) 100vw, 1024px\" \/><\/figure>\n\n\n\n<p class=\"has-text-align-center\">Zutaten:<\/p>\n\n\n\n<p class=\"has-text-align-center\">Weizenmehl, Weizensauerteig <img loading=\"lazy\" decoding=\"async\" width=\"25\" height=\"23\" class=\"wp-image-26\" style=\"width: 25px;\" src=\"https:\/\/munabaeck.de\/wp-content\/uploads\/2024\/07\/100bio.png\" alt=\"\" srcset=\"https:\/\/munabaeck.de\/wp-content\/uploads\/2024\/07\/100bio.png 302w, https:\/\/munabaeck.de\/wp-content\/uploads\/2024\/07\/100bio-300x279.png 300w\" sizes=\"auto, (max-width: 25px) 100vw, 25px\" \/>, Kartoffeln, Oliven\u00f6l <img loading=\"lazy\" decoding=\"async\" width=\"25\" height=\"23\" class=\"wp-image-26\" style=\"width: 25px;\" src=\"https:\/\/munabaeck.de\/wp-content\/uploads\/2024\/07\/100bio.png\" alt=\"\" srcset=\"https:\/\/munabaeck.de\/wp-content\/uploads\/2024\/07\/100bio.png 302w, https:\/\/munabaeck.de\/wp-content\/uploads\/2024\/07\/100bio-300x279.png 300w\" sizes=\"auto, (max-width: 25px) 100vw, 25px\" \/>, Hefe, Meersalz <img loading=\"lazy\" decoding=\"async\" width=\"25\" height=\"23\" class=\"wp-image-26\" style=\"width: 25px;\" src=\"https:\/\/munabaeck.de\/wp-content\/uploads\/2024\/07\/100bio.png\" alt=\"\" srcset=\"https:\/\/munabaeck.de\/wp-content\/uploads\/2024\/07\/100bio.png 302w, https:\/\/munabaeck.de\/wp-content\/uploads\/2024\/07\/100bio-300x279.png 300w\" sizes=\"auto, (max-width: 25px) 100vw, 25px\" \/>, TK-Kr\u00e4utermischung <img loading=\"lazy\" decoding=\"async\" width=\"25\" height=\"23\" class=\"wp-image-26\" style=\"width: 25px;\" src=\"https:\/\/munabaeck.de\/wp-content\/uploads\/2024\/07\/100bio.png\" alt=\"\" srcset=\"https:\/\/munabaeck.de\/wp-content\/uploads\/2024\/07\/100bio.png 302w, https:\/\/munabaeck.de\/wp-content\/uploads\/2024\/07\/100bio-300x279.png 300w\" sizes=\"auto, (max-width: 25px) 100vw, 25px\" \/>, Wasser<\/p>\n\n\n\n<div style=\"height:100px\" aria-hidden=\"true\" class=\"wp-block-spacer\"><\/div>\n\n\n\n<hr class=\"wp-block-separator has-alpha-channel-opacity\"\/>\n\n\n\n<div style=\"height:100px\" aria-hidden=\"true\" class=\"wp-block-spacer\"><\/div>\n\n\n\n<h1 class=\"wp-block-heading has-text-align-center\" id=\"buttermilchtropfen\">Buttermilchtropfen<\/h1>\n\n\n\n<div style=\"height:100px\" aria-hidden=\"true\" class=\"wp-block-spacer\"><\/div>\n\n\n<div class=\"wp-block-image is-style-rounded\">\n<figure class=\"aligncenter size-large\"><img loading=\"lazy\" decoding=\"async\" width=\"1024\" height=\"768\" src=\"https:\/\/munabaeck.de\/wp-content\/uploads\/2025\/08\/IMG_9553-1024x768.jpg\" alt=\"\" class=\"wp-image-238\" srcset=\"https:\/\/munabaeck.de\/wp-content\/uploads\/2025\/08\/IMG_9553-1024x768.jpg 1024w, https:\/\/munabaeck.de\/wp-content\/uploads\/2025\/08\/IMG_9553-300x225.jpg 300w, https:\/\/munabaeck.de\/wp-content\/uploads\/2025\/08\/IMG_9553-768x576.jpg 768w, https:\/\/munabaeck.de\/wp-content\/uploads\/2025\/08\/IMG_9553-1536x1152.jpg 1536w, https:\/\/munabaeck.de\/wp-content\/uploads\/2025\/08\/IMG_9553.jpg 2016w\" sizes=\"auto, (max-width: 1024px) 100vw, 1024px\" \/><\/figure><\/div>\n\n\n<p class=\"has-text-align-center\">Zutaten:<\/p>\n\n\n\n<p class=\"has-text-align-center\">Weizenmehl, Dinkel Vollkornmehl, Roggenmehl, Weizensauerteig <img loading=\"lazy\" decoding=\"async\" width=\"25\" height=\"23\" class=\"wp-image-26\" style=\"width: 25px;\" src=\"https:\/\/munabaeck.de\/wp-content\/uploads\/2024\/07\/100bio.png\" alt=\"\" srcset=\"https:\/\/munabaeck.de\/wp-content\/uploads\/2024\/07\/100bio.png 302w, https:\/\/munabaeck.de\/wp-content\/uploads\/2024\/07\/100bio-300x279.png 300w\" sizes=\"auto, (max-width: 25px) 100vw, 25px\" \/>, Buttermilch, Honig (eigene Imkerei) <img loading=\"lazy\" decoding=\"async\" width=\"25\" height=\"23\" class=\"wp-image-26\" style=\"width: 25px;\" src=\"https:\/\/munabaeck.de\/wp-content\/uploads\/2024\/07\/100bio.png\" alt=\"\" srcset=\"https:\/\/munabaeck.de\/wp-content\/uploads\/2024\/07\/100bio.png 302w, https:\/\/munabaeck.de\/wp-content\/uploads\/2024\/07\/100bio-300x279.png 300w\" sizes=\"auto, (max-width: 25px) 100vw, 25px\" \/>, Hefe, Meersalz <img loading=\"lazy\" decoding=\"async\" width=\"25\" height=\"23\" class=\"wp-image-26\" style=\"width: 25px;\" src=\"https:\/\/munabaeck.de\/wp-content\/uploads\/2024\/07\/100bio.png\" alt=\"\" srcset=\"https:\/\/munabaeck.de\/wp-content\/uploads\/2024\/07\/100bio.png 302w, https:\/\/munabaeck.de\/wp-content\/uploads\/2024\/07\/100bio-300x279.png 300w\" sizes=\"auto, (max-width: 25px) 100vw, 25px\" \/>, Wasser<\/p>\n\n\n\n<div style=\"height:100px\" aria-hidden=\"true\" class=\"wp-block-spacer\"><\/div>\n\n\n\n<hr class=\"wp-block-separator has-alpha-channel-opacity\"\/>\n\n\n\n<div style=\"height:100px\" aria-hidden=\"true\" class=\"wp-block-spacer\"><\/div>\n\n\n\n<h1 class=\"wp-block-heading has-text-align-center\" id=\"rustico\">Rustico Semmeln<\/h1>\n\n\n\n<div style=\"height:100px\" aria-hidden=\"true\" class=\"wp-block-spacer\"><\/div>\n\n\n<div class=\"wp-block-image is-style-rounded\">\n<figure class=\"aligncenter size-large\"><img loading=\"lazy\" decoding=\"async\" width=\"1024\" height=\"768\" src=\"https:\/\/munabaeck.de\/wp-content\/uploads\/2025\/08\/IMG_9766-1024x768.jpg\" alt=\"\" class=\"wp-image-243\" srcset=\"https:\/\/munabaeck.de\/wp-content\/uploads\/2025\/08\/IMG_9766-1024x768.jpg 1024w, https:\/\/munabaeck.de\/wp-content\/uploads\/2025\/08\/IMG_9766-300x225.jpg 300w, https:\/\/munabaeck.de\/wp-content\/uploads\/2025\/08\/IMG_9766-768x576.jpg 768w, https:\/\/munabaeck.de\/wp-content\/uploads\/2025\/08\/IMG_9766-1536x1152.jpg 1536w, https:\/\/munabaeck.de\/wp-content\/uploads\/2025\/08\/IMG_9766.jpg 2016w\" sizes=\"auto, (max-width: 1024px) 100vw, 1024px\" \/><\/figure><\/div>\n\n\n<p class=\"has-text-align-center\">Zutaten:<\/p>\n\n\n\n<p class=\"has-text-align-center\">Weizenmehl, Roggen Vollkornmehl, Roggensauerteig <img loading=\"lazy\" decoding=\"async\" width=\"25\" height=\"23\" class=\"wp-image-26\" style=\"width: 25px;\" src=\"https:\/\/munabaeck.de\/wp-content\/uploads\/2024\/07\/100bio.png\" alt=\"\" srcset=\"https:\/\/munabaeck.de\/wp-content\/uploads\/2024\/07\/100bio.png 302w, https:\/\/munabaeck.de\/wp-content\/uploads\/2024\/07\/100bio-300x279.png 300w\" sizes=\"auto, (max-width: 25px) 100vw, 25px\" \/>, Leinsamen, Sonnenblumenkerne, K\u00fcrbiskerne, Hefe, Meersalz <img loading=\"lazy\" decoding=\"async\" width=\"25\" height=\"23\" class=\"wp-image-26\" style=\"width: 25px;\" src=\"https:\/\/munabaeck.de\/wp-content\/uploads\/2024\/07\/100bio.png\" alt=\"\" srcset=\"https:\/\/munabaeck.de\/wp-content\/uploads\/2024\/07\/100bio.png 302w, https:\/\/munabaeck.de\/wp-content\/uploads\/2024\/07\/100bio-300x279.png 300w\" sizes=\"auto, (max-width: 25px) 100vw, 25px\" \/>, Wasser<\/p>\n\n\n\n<div style=\"height:100px\" aria-hidden=\"true\" class=\"wp-block-spacer\"><\/div>\n\n\n\n<hr class=\"wp-block-separator has-alpha-channel-opacity\"\/>\n\n\n\n<div style=\"height:100px\" aria-hidden=\"true\" class=\"wp-block-spacer\"><\/div>\n\n\n\n<h1 class=\"wp-block-heading has-text-align-center\" id=\"roggenvollkorn\"><code>Roggenvollkorn Semmeln<\/code><\/h1>\n\n\n\n<div style=\"height:100px\" aria-hidden=\"true\" class=\"wp-block-spacer\"><\/div>\n\n\n<div class=\"wp-block-image is-style-rounded\">\n<figure class=\"aligncenter size-large\"><img loading=\"lazy\" decoding=\"async\" width=\"1024\" height=\"768\" src=\"https:\/\/munabaeck.de\/wp-content\/uploads\/2025\/08\/IMG_9932-1024x768.jpg\" alt=\"\" class=\"wp-image-246\" srcset=\"https:\/\/munabaeck.de\/wp-content\/uploads\/2025\/08\/IMG_9932-1024x768.jpg 1024w, https:\/\/munabaeck.de\/wp-content\/uploads\/2025\/08\/IMG_9932-300x225.jpg 300w, https:\/\/munabaeck.de\/wp-content\/uploads\/2025\/08\/IMG_9932-768x576.jpg 768w, https:\/\/munabaeck.de\/wp-content\/uploads\/2025\/08\/IMG_9932-1536x1152.jpg 1536w, https:\/\/munabaeck.de\/wp-content\/uploads\/2025\/08\/IMG_9932.jpg 2016w\" sizes=\"auto, (max-width: 1024px) 100vw, 1024px\" \/><\/figure><\/div>\n\n\n<p class=\"has-text-align-center\">Zutaten:<\/p>\n\n\n\n<p class=\"has-text-align-center\">Roggen Vollkornmehl, Roggensauerteig <img loading=\"lazy\" decoding=\"async\" width=\"25\" height=\"23\" class=\"wp-image-26\" style=\"width: 25px;\" src=\"https:\/\/munabaeck.de\/wp-content\/uploads\/2024\/07\/100bio.png\" alt=\"\" srcset=\"https:\/\/munabaeck.de\/wp-content\/uploads\/2024\/07\/100bio.png 302w, https:\/\/munabaeck.de\/wp-content\/uploads\/2024\/07\/100bio-300x279.png 300w\" sizes=\"auto, (max-width: 25px) 100vw, 25px\" \/>,  Honig (eigene Imkerei) <img loading=\"lazy\" decoding=\"async\" width=\"25\" height=\"23\" class=\"wp-image-26\" style=\"width: 25px;\" src=\"https:\/\/munabaeck.de\/wp-content\/uploads\/2024\/07\/100bio.png\" alt=\"\" srcset=\"https:\/\/munabaeck.de\/wp-content\/uploads\/2024\/07\/100bio.png 302w, https:\/\/munabaeck.de\/wp-content\/uploads\/2024\/07\/100bio-300x279.png 300w\" sizes=\"auto, (max-width: 25px) 100vw, 25px\" \/>, Hefe, Meersalz <img loading=\"lazy\" decoding=\"async\" width=\"25\" height=\"23\" class=\"wp-image-26\" style=\"width: 25px;\" src=\"https:\/\/munabaeck.de\/wp-content\/uploads\/2024\/07\/100bio.png\" alt=\"\" srcset=\"https:\/\/munabaeck.de\/wp-content\/uploads\/2024\/07\/100bio.png 302w, https:\/\/munabaeck.de\/wp-content\/uploads\/2024\/07\/100bio-300x279.png 300w\" sizes=\"auto, (max-width: 25px) 100vw, 25px\" \/>, Wasser<\/p>\n\n\n\n<div style=\"height:100px\" aria-hidden=\"true\" class=\"wp-block-spacer\"><\/div>\n\n\n\n<hr class=\"wp-block-separator has-alpha-channel-opacity\"\/>\n\n\n\n<div style=\"height:100px\" aria-hidden=\"true\" class=\"wp-block-spacer\"><\/div>\n\n\n\n<h1 class=\"wp-block-heading has-text-align-center\" id=\"dinkelquark\"><code>Dinkel Quarkinis<\/code><\/h1>\n\n\n\n<div style=\"height:100px\" aria-hidden=\"true\" class=\"wp-block-spacer\"><\/div>\n\n\n<div class=\"wp-block-image is-style-rounded\">\n<figure class=\"aligncenter size-large\"><img loading=\"lazy\" decoding=\"async\" width=\"1024\" height=\"768\" src=\"https:\/\/munabaeck.de\/wp-content\/uploads\/2025\/09\/IMG_9937-1024x768.jpg\" alt=\"\" class=\"wp-image-250\" srcset=\"https:\/\/munabaeck.de\/wp-content\/uploads\/2025\/09\/IMG_9937-1024x768.jpg 1024w, https:\/\/munabaeck.de\/wp-content\/uploads\/2025\/09\/IMG_9937-300x225.jpg 300w, https:\/\/munabaeck.de\/wp-content\/uploads\/2025\/09\/IMG_9937-768x576.jpg 768w, https:\/\/munabaeck.de\/wp-content\/uploads\/2025\/09\/IMG_9937-1536x1152.jpg 1536w, https:\/\/munabaeck.de\/wp-content\/uploads\/2025\/09\/IMG_9937.jpg 2016w\" sizes=\"auto, (max-width: 1024px) 100vw, 1024px\" \/><\/figure><\/div>\n\n\n<p class=\"has-text-align-center\">Zutaten:<\/p>\n\n\n\n<p class=\"has-text-align-center\">Dinkelmehl, Weizensauerteig <img loading=\"lazy\" decoding=\"async\" width=\"25\" height=\"23\" class=\"wp-image-26\" style=\"width: 25px;\" src=\"https:\/\/munabaeck.de\/wp-content\/uploads\/2024\/07\/100bio.png\" alt=\"\" srcset=\"https:\/\/munabaeck.de\/wp-content\/uploads\/2024\/07\/100bio.png 302w, https:\/\/munabaeck.de\/wp-content\/uploads\/2024\/07\/100bio-300x279.png 300w\" sizes=\"auto, (max-width: 25px) 100vw, 25px\" \/>, Quark, Honig (eigene Imkerei) <img loading=\"lazy\" decoding=\"async\" width=\"25\" height=\"23\" class=\"wp-image-26\" style=\"width: 25px;\" src=\"https:\/\/munabaeck.de\/wp-content\/uploads\/2024\/07\/100bio.png\" alt=\"\" srcset=\"https:\/\/munabaeck.de\/wp-content\/uploads\/2024\/07\/100bio.png 302w, https:\/\/munabaeck.de\/wp-content\/uploads\/2024\/07\/100bio-300x279.png 300w\" sizes=\"auto, (max-width: 25px) 100vw, 25px\" \/>, Hefe, Meersalz <img loading=\"lazy\" decoding=\"async\" width=\"25\" height=\"23\" class=\"wp-image-26\" style=\"width: 25px;\" src=\"https:\/\/munabaeck.de\/wp-content\/uploads\/2024\/07\/100bio.png\" alt=\"\" srcset=\"https:\/\/munabaeck.de\/wp-content\/uploads\/2024\/07\/100bio.png 302w, https:\/\/munabaeck.de\/wp-content\/uploads\/2024\/07\/100bio-300x279.png 300w\" sizes=\"auto, (max-width: 25px) 100vw, 25px\" \/>, Wasser<\/p>\n\n\n\n<div style=\"height:100px\" aria-hidden=\"true\" class=\"wp-block-spacer\"><\/div>\n\n\n\n<hr class=\"wp-block-separator has-alpha-channel-opacity\"\/>\n\n\n\n<div style=\"height:100px\" aria-hidden=\"true\" class=\"wp-block-spacer\"><\/div>\n\n\n\n<h1 class=\"wp-block-heading has-text-align-center\" id=\"hartweizen\"><code>Hartweizen Krustis<\/code><\/h1>\n\n\n\n<div style=\"height:100px\" aria-hidden=\"true\" class=\"wp-block-spacer\"><\/div>\n\n\n<div class=\"wp-block-image is-style-rounded\">\n<figure class=\"aligncenter size-large\"><img loading=\"lazy\" decoding=\"async\" width=\"1024\" height=\"768\" src=\"https:\/\/munabaeck.de\/wp-content\/uploads\/2025\/09\/IMG_0068-1024x768.jpg\" alt=\"\" class=\"wp-image-257\" srcset=\"https:\/\/munabaeck.de\/wp-content\/uploads\/2025\/09\/IMG_0068-1024x768.jpg 1024w, https:\/\/munabaeck.de\/wp-content\/uploads\/2025\/09\/IMG_0068-300x225.jpg 300w, https:\/\/munabaeck.de\/wp-content\/uploads\/2025\/09\/IMG_0068-768x576.jpg 768w, https:\/\/munabaeck.de\/wp-content\/uploads\/2025\/09\/IMG_0068-1536x1152.jpg 1536w, https:\/\/munabaeck.de\/wp-content\/uploads\/2025\/09\/IMG_0068.jpg 2016w\" sizes=\"auto, (max-width: 1024px) 100vw, 1024px\" \/><\/figure><\/div>\n\n\n<p class=\"has-text-align-center\">Zutaten:<\/p>\n\n\n\n<p class=\"has-text-align-center\">Weizenmehl, Semola, Weizensauerteig <img loading=\"lazy\" decoding=\"async\" width=\"25\" height=\"23\" class=\"wp-image-26\" style=\"width: 25px;\" src=\"https:\/\/munabaeck.de\/wp-content\/uploads\/2024\/07\/100bio.png\" alt=\"\" srcset=\"https:\/\/munabaeck.de\/wp-content\/uploads\/2024\/07\/100bio.png 302w, https:\/\/munabaeck.de\/wp-content\/uploads\/2024\/07\/100bio-300x279.png 300w\" sizes=\"auto, (max-width: 25px) 100vw, 25px\" \/>, Honig (eigene Imkerei) <img loading=\"lazy\" decoding=\"async\" width=\"25\" height=\"23\" class=\"wp-image-26\" style=\"width: 25px;\" src=\"https:\/\/munabaeck.de\/wp-content\/uploads\/2024\/07\/100bio.png\" alt=\"\" srcset=\"https:\/\/munabaeck.de\/wp-content\/uploads\/2024\/07\/100bio.png 302w, https:\/\/munabaeck.de\/wp-content\/uploads\/2024\/07\/100bio-300x279.png 300w\" sizes=\"auto, (max-width: 25px) 100vw, 25px\" \/>, Hefe, Meersalz <img loading=\"lazy\" decoding=\"async\" width=\"25\" height=\"23\" class=\"wp-image-26\" style=\"width: 25px;\" src=\"https:\/\/munabaeck.de\/wp-content\/uploads\/2024\/07\/100bio.png\" alt=\"\" srcset=\"https:\/\/munabaeck.de\/wp-content\/uploads\/2024\/07\/100bio.png 302w, https:\/\/munabaeck.de\/wp-content\/uploads\/2024\/07\/100bio-300x279.png 300w\" sizes=\"auto, (max-width: 25px) 100vw, 25px\" \/>, Wasser<\/p>\n\n\n\n<p><\/p>\n","protected":false},"excerpt":{"rendered":"<p>Brezen Zutaten: Weizenmehl, Weizensauerteig , Butter, Honig (eigene Imkerei) , Hefe, Malz, Zucker(Honig), Meersalz , Wasser Brezenstangen Zutaten: Weizenmehl, Weizensauerteig , Butter, Honig (eigene Imkerei) , Hefe, Malz, Zucker(Honig), Meersalz , Wasser Kartoffel-Kr\u00e4uter-Semmeln Zutaten: Weizenmehl, Weizensauerteig , Kartoffeln, Oliven\u00f6l , Hefe, Meersalz , TK-Kr\u00e4utermischung , Wasser Buttermilchtropfen Zutaten: Weizenmehl, Dinkel Vollkornmehl, Roggenmehl, Weizensauerteig , Buttermilch, [&hellip;]<\/p>\n","protected":false},"author":1,"featured_media":0,"parent":0,"menu_order":0,"comment_status":"closed","ping_status":"closed","template":"","meta":{"footnotes":""},"class_list":["post-68","page","type-page","status-publish","hentry"],"_links":{"self":[{"href":"https:\/\/munabaeck.de\/index.php\/wp-json\/wp\/v2\/pages\/68","targetHints":{"allow":["GET"]}}],"collection":[{"href":"https:\/\/munabaeck.de\/index.php\/wp-json\/wp\/v2\/pages"}],"about":[{"href":"https:\/\/munabaeck.de\/index.php\/wp-json\/wp\/v2\/types\/page"}],"author":[{"embeddable":true,"href":"https:\/\/munabaeck.de\/index.php\/wp-json\/wp\/v2\/users\/1"}],"replies":[{"embeddable":true,"href":"https:\/\/munabaeck.de\/index.php\/wp-json\/wp\/v2\/comments?post=68"}],"version-history":[{"count":24,"href":"https:\/\/munabaeck.de\/index.php\/wp-json\/wp\/v2\/pages\/68\/revisions"}],"predecessor-version":[{"id":262,"href":"https:\/\/munabaeck.de\/index.php\/wp-json\/wp\/v2\/pages\/68\/revisions\/262"}],"wp:attachment":[{"href":"https:\/\/munabaeck.de\/index.php\/wp-json\/wp\/v2\/media?parent=68"}],"curies":[{"name":"wp","href":"https:\/\/api.w.org\/{rel}","templated":true}]}}